1
What is the remainder when 16337 is divided by 172?
169
What is the remainder when 3734 is divided by 68?
62
What is the remainder when 1902 is divided by 571?
189
What is the remainder when 268 is divided by 9?
7
Calculate the remainder when 834 is divided by 149.
89
What is the remainder when 1310 is divided by 47?
41
What is the remainder when 11216 is divided by 51?
47
Calculate the remainder when 1743 is divided by 172.
23
What is the remainder when 125 is divided by 32?
29
Calculate the remainder when 2315 is divided by 14.
5
What is the remainder when 380 is divided by 11?
6
Calculate the remainder when 244 is divided by 59.
8
Calculate the remainder when 100 is divided by 52.
48
Calculate the remainder when 39 is divided by 24.
15
What is the remainder when 238 is divided by 113?
12
What is the remainder when 2369 is divided by 24?
17
What is the remainder when 83 is divided by 44?
39
What is the remainder when 194 is divided by 54?
32
Calculate the remainder when 268 is divided by 208.
60
Calculate the remainder when 1618 is divided by 45.
43
Calculate the remainder when 150 is divided by 6.
0
What is the remainder when 3508 is divided by 18?
16
Calculate the remainder when 2392 is divided by 42.
40
Calculate the remainder when 234 is divided by 124.
110
What is the remainder when 301 is divided by 168?
133
What is the remainder when 364 is divided by 116?
16
What is the remainder when 267 is divided by 16?
11
What is the remainder when 103 is divided by 16?
7
What is the remainder when 1321 is divided by 53?
49
What is the remainder when 14 is divided by 9?
5
Calculate the remainder when 438 is divided by 88.
86
Calculate the remainder when 34 is divided by 6.
4
Calculate the remainder when 176 is divided by 23.
15
What is the remainder when 69 is divided by 47?
22
What is the remainder when 390 is divided by 123?
21
What is the remainder when 662 is divided by 322?
18
Calculate the remainder when 122 is divided by 57.
8
What is the remainder when 74 is divided by 61?
13
What is the remainder when 347 is divided by 59?
52
What is the remainder when 186 is divided by 24?
18
What is the remainder when 427 is divided by 107?
106
Calculate the remainder when 3578 is divided by 224.
218
What is the remainder when 699 is divided by 17?
2
What is the remainder when 45 is divided by 4?
1
Calculate the remainder when 33 is divided by 9.
6
Calculate the remainder when 1904 is divided by 14.
0
Calculate the remainder when 288 is divided by 17.
16
Calculate the remainder when 3717 is divided by 73.
67
What is the remainder when 1654 is divided by 518?
100
Calculate the remainder when 2143 is divided by 33.
31
What is the remainder when 589 is divided by 116?
9
Calculate the remainder when 243 is divided by 49.
47
Calculate the remainder when 23 is divided by 3.
2
Calculate the remainder when 1384 is divided by 73.
70
Calculate the remainder when 4803 is divided by 150.
3
What is the remainder when 59 is divided by 48?
11
Calculate the remainder when 1808 is divided by 181.
179
Calculate the remainder when 21 is divided by 8.
5
Calculate the remainder when 3947 is divided by 41.
11
Calculate the remainder when 480 is divided by 97.
92
Calculate the remainder when 78 is divided by 9.
6
What is the remainder when 829 is divided by 16?
13
What is the remainder when 183 is divided by 37?
35
Calculate the remainder when 7454 is divided by 15.
14
Calculate the remainder when 2020 is divided by 75.
70
Calculate the remainder when 240 is divided by 78.
6
Calculate the remainder when 743 is divided by 189.
176
Calculate the remainder when 153 is divided by 28.
13
Calculate the remainder when 5393 is divided by 359.
8
Calculate the remainder when 356 is divided by 92.
80
What is the remainder when 1406 is divided by 665?
76
Calculate the remainder when 129 is divided by 39.
12
Calculate the remainder when 6876 is divided by 6864.
12
Calculate the remainder when 940 is divided by 157.
155
What is the remainder when 29743 is divided by 104?
103
What is the remainder when 287 is divided by 12?
11
Calculate the remainder when 14 is divided by 14.
0
Calculate the remainder when 290 is divided by 94.
8
What is the remainder when 123 is divided by 62?
61
Calculate the remainder when 325 is divided by 41.
38
What is the remainder when 7283 is divided by 235?
233
Calculate the remainder when 25227 is divided by 17.
16
What is the remainder when 833 is divided by 413?
7
What is the remainder when 135 is divided by 13?
5
What is the remainder when 130 is divided by 50?
30
Calculate the remainder when 5397 is divided by 36.
33
What is the remainder when 420 is divided by 86?
76
What is the remainder when 2407 is divided by 115?
107
What is the remainder when 1949 is divided by 15?
14
What is the remainder when 38 is divided by 12?
2
Calculate the remainder when 140 is divided by 38.
26
What is the remainder when 813 is divided by 37?
36
What is the remainder when 241 is divided by 81?
79
What is the remainder when 209 is divided by 50?
9
What is the remainder when 180 is divided by 20?
0
What is the remainder when 2859 is divided by 9?
6
What is the remainder when 189 is divided by 38?
37
What is the remainder when 3699 is divided by 34?
27
Calculate the remainder when 1851 is divided by 164.
47
Calculate the remainder when 72 is divided by 71.
1
Calculate the remainder when 1828 is divided by 30.
28
What is the remainder when 372 is divided by 53?
1
Calculate the remainder when 4270 is divided by 23.
15
What is the remainder when 140 is divided by 40?
20
What is the remainder when 135 is divided by 48?
39
Calculate the remainder when 111 is divided by 35.
6
What is the remainder when 427 is divided by 26?
11
Calculate the remainder when 48 is divided by 42.
6
Calculate the remainder when 322 is divided by 44.
14
Calculate the remainder when 446 is divided by 75.
71
Calculate the remainder when 233 is divided by 15.
8
Calculate the remainder when 173 is divided by 30.
23
What is the remainder when 607 is divided by 16?
15
What is the remainder when 1703 is divided by 243?
2
What is the remainder when 400 is divided by 24?
16
Calculate the remainder when 794 is divided by 134.
124
What is the remainder when 111 is divided by 28?
27
Calculate the remainder when 513 is divided by 91.
58
What is the remainder when 170 is divided by 46?
32
Calculate the remainder when 549 is divided by 123.
57
What is the remainder when 245 is divided by 71?
32
Calculate the remainder when 1070 is divided by 105.
20
What is the remainder when 107 is divided by 56?
51
Calculate the remainder when 440 is divided by 113.
101
What is the remainder when 518 is divided by 8?
6
What is the remainder when 552 is divided by 549?
3
Calculate the remainder when 15005 is divided by 123.
122
What is the remainder when 347 is divided by 24?
11
What is the remainder when 158 is divided by 20?
18
Calculate the remainder when 30152 is divided by 37.
34
What is the remainder when 266 is divided by 122?
22
What is the remainder when 87 is divided by 44?
43
What is the remainder when 1579 is divided by 32?
11
What is the remainder when 6576 is divided by 51?
48
What is the remainder when 756 is divided by 252?
0
What is the remainder when 609 is divided by 47?
45
Calculate the remainder when 299 is divided by 75.
74
What is the remainder when 467 is divided by 64?
19
Calculate the remainder when 889 is divided by 147.
7
What is the remainder when 238 is divided by 60?
58
What is the remainder when 1319 is divided by 20?
19
What is the remainder when 65 is divided by 21?
2
Calculate the remainder when 1574 is divided by 11.
1
What is the remainder when 31 is divided by 20?
11
What is the remainder when 390 is divided by 90?
30
Calculate the remainder when 1080 is divided by 49.
2
What is the remainder when 299 is divided by 34?
27
What is the remainder when 45 is divided by 2?
1
Calculate the remainder when 1940 is divided by 483.
8
What is the remainder when 96 is divided by 14?
12
What is the remainder when 446 is divided by 64?
62
Calculate the remainder when 719 is divided by 29.
23
What is the remainder when 564 is divided by 24?
12
What is the remainder when 484 is divided by 257?
227
Calculate th